at is the remainder when 47271 is divided by 459?
453
Calculate the remainder when 253911 is divided by 2821.
21
Calculate the remainder when 27678 is divided by 93.
57
Calculate the remainder when 4729 is divided by 1576.
1
Calculate the remainder when 1952 is divided by 12.
8
Calculate the remainder when 20611 is divided by 227.
181
Calculate the remainder when 177683 is divided by 152.
147
Calculate the remainder when 3062 is divided by 263.
169
Calculate the remainder when 192277 is divided by 986.
7
Calculate the remainder when 733 is divided by 351.
31
What is the remainder when 6565 is divided by 2180?
25
Calculate the remainder when 3070 is divided by 595.
95
Calculate the remainder when 144551 is divided by 685.
16
What is the remainder when 22168 is divided by 168?
160
Calculate the remainder when 2192 is divided by 372.
332
What is the remainder when 9227 is divided by 9209?
18
Calculate the remainder when 8573 is divided by 7412.
1161
What is the remainder when 469 is divided by 127?
88
What is the remainder when 12056 is divided by 1331?
77
Calculate the remainder when 664814 is divided by 190.
4
Calculate the remainder when 23462 is divided by 7803.
53
What is the remainder when 153539 is divided by 382?
357
What is the remainder when 1541371 is divided by 209?
205
Calculate the remainder when 11113 is divided by 103.
92
What is the remainder when 1551 is divided by 419?
294
Calculate the remainder when 135835 is divided by 15090.
25
Calculate the remainder when 4216 is divided by 290.
156
What is the remainder when 33626 is divided by 213?
185
What is the remainder when 3547399 is divided by 82?
79
Calculate the remainder when 56242 is divided by 152.
2
Calculate the remainder when 382470 is divided by 2013.
0
Calculate the remainder when 303494 is divided by 54.
14
Calculate the remainder when 90073 is divided by 25.
23
What is the remainder when 274938 is divided by 781?
26
Calculate the remainder when 1354 is divided by 43.
21
Calculate the remainder when 18685 is divided by 1885.
1720
Calculate the remainder when 1538 is divided by 10.
8
What is the remainder when 6423 is divided by 2822?
779
What is the remainder when 1147796 is divided by 573892?
12
What is the remainder when 788461 is divided by 558?
7
What is the remainder when 7328 is divided by 267?
119
Calculate the remainder when 257621 is divided by 102.
71
Calculate the remainder when 17410 is divided by 182.
120
What is the remainder when 55268 is divided by 28?
24
Calculate the remainder when 4182 is divided by 361.
211
What is the remainder when 13488 is divided by 2695?
13
Calculate the remainder when 2387 is divided by 1166.
55
Calculate the remainder when 39665 is divided by 389.
376
Calculate the remainder when 78018 is divided by 84.
66
Calculate the remainder when 35949 is divided by 255.
249
Calculate the remainder when 3562 is divided by 265.
117
What is the remainder when 6330 is divided by 157?
50
What is the remainder when 9565 is divided by 3?
1
Calculate the remainder when 410517 is divided by 12.
9
Calculate the remainder when 391 is divided by 298.
93
What is the remainder when 4930 is divided by 917?
345
What is the remainder when 177301 is divided by 93?
43
What is the remainder when 220442 is divided by 121?
101
Calculate the remainder when 194278 is divided by 20.
18
Calculate the remainder when 15608 is divided by 3121.
3
Calculate the remainder when 479564 is divided by 9.
8
Calculate the remainder when 26187 is divided by 135.
132
Calculate the remainder when 297441 is divided by 97.
39
What is the remainder when 9222 is divided by 33?
15
Calculate the remainder when 15734 is divided by 788.
762
Calculate the remainder when 59098 is divided by 19693.
19
What is the remainder when 7416 is divided by 2199?
819
What is the remainder when 122805 is divided by 86?
83
What is the remainder when 9259 is divided by 4537?
185
What is the remainder when 32409 is divided by 16160?
89
Calculate the remainder when 162 is divided by 49.
15
Calculate the remainder when 502735 is divided by 378.
373
Calculate the remainder when 15971 is divided by 1227.
20
Calculate the remainder when 43319 is divided by 81.
65
What is the remainder when 13196 is divided by 102?
38
What is the remainder when 2625 is divided by 125?
0
Calculate the remainder when 147311 is divided by 67.
45
What is the remainder when 491 is divided by 36?
23
What is the remainder when 967209 is divided by 13?
9
Calculate the remainder when 43444 is divided by 120.
4
Calculate the remainder when 5846 is divided by 105.
71
What is the remainder when 1844 is divided by 1146?
698
What is the remainder when 34137 is divided by 30?
27
What is the remainder when 213906 is divided by 6?
0
What is the remainder when 137589 is divided by 49?
46
Calculate the remainder when 4583 is divided by 404.
139
Calculate the remainder when 1076273 is divided by 65.
3
What is the remainder when 75579 is divided by 19?
16
What is the remainder when 19530 is divided by 6465?
135
Calculate the remainder when 73178 is divided by 35.
28
Calculate the remainder when 108529 is divided by 63.
43
Calculate the remainder when 41309 is divided by 88.
37
Calculate the remainder when 49334 is divided by 13.
12
Calculate the remainder when 7338 is divided by 7207.
131
What is the remainder when 6876 is divided by 2?
0
Calculate the remainder when 988 is divided by 248.
244
What is the remainder when 117004 is divided by 16?
12
Calculate the remainder when 385 is divided by 24.
1
What is the remainder when 80792 is divided by 423?
422
What is the remainder when 12871 is divided by 12813?
58
What is the remainder when 78232 is divided by 39?
37
Calculate the remainder when 718216 is divided by 179551.
12
What is the remainder when 6098 is divided by 108?
50
What is the remainder when 33395 is divided by 86?
27
What is the remainder when 66598 is divided by 95?
3
What is the remainder when 24649 is divided by 2732?
61
What is the remainder when 29823 is divided by 339?
330
What is the remainder when 448837 is divided by 1356?
1
Calculate the remainder when 48881 is divided by 481.
300
What is the remainder when 271882 is divided by 1062?
10
What is the remainder when 45857 is divided by 15278?
23
What is the remainder when 8119 is divided by 214?
201
What is the remainder when 31465 is divided by 4491?
28
Calculate the remainder when 185322 is divided by 922.
0
Calculate the remainder when 878259 is divided by 31.
29
Calculate the remainder when 1791 is divided by 457.
420
What is the remainder when 21993 is divided by 13?
10
Calculate the remainder when 2125 is divided by 113.
91
Calculate the remainder when 23541894 is divided by 124.
122
Calculate the remainder when 96714 is divided by 3454.
2
Calculate the remainder when 1591197 is divided by 340.
337
Calculate the remainder when 2459 is divided by 9.
2
Calculate the remainder when 96227 is divided by 36.
35
What is the remainder when 5134 is divided by 107?
105
Calculate the remainder when 5037 is divided by 107.
8
Calculate the remainder when 187902 is divided by 45.
27
What is the remainder when 7332 is divided by 735?
717
Calculate the remainder when 1602 is divided by 22.
18
What is the remainder when 10106 is divided by 210?
26
What is the remainder when 86952 is divided by 25?
2
Calculate the remainder when 1835 is divided by 103.
84
Calculate the remainder when 39953 is divided by 701.
697
Calculate the remainder when 76645 is divided by 4790.
5
What is the remainder when 1634566 is divided by 312?
310
Calculate the remainder when 47779 is divided by 137.
103
Calculate the remainder when 272788 is divided by 15.
13
What is the remainder when 90650 is divided by 403?
378
What is the remainder when 17739 is divided by 8685?
369
What is the remainder when 992 is divided by 130?
82
Calculate the remainder when 55423 is divided by 32.
31
Calculate the remainder when 306426 is divided by 74.
66
What is the remainder when 16591 is divided by 481?
237
What is the remainder when 7858 is divided by 15?
13
Calculate the remainder when 1664 is divided by 1278.
386
Calculate the remainder when 40061 is divided by 18.
11
Calculate the remainder when 6879 is divided by 245.
19